 + 4*h + 36 = 0. Is s(d) a composite number?
False
Suppose -6*k = -s - 4*k + 7999, 5*k = -s + 7978. Is s a prime number?
True
Is (0 + -1 + -4 + 4)/(15/(-1804755)) a prime number?
False
Let h(r) = -7*r - 24. Let g be h(-6). Suppose 11*y + g = 161. Suppose -12*z + y*z - 371 = 0. Is z composite?
True
Let l = -1273 - -3007. Suppose l*i - 191485 = 1729*i. Is i a composite number?
True
Let c be (-3)/(-2) - 30/(-20). Let h(i) = 15*i**2 + 10 + 2*i - 6*i**2 + c*i + 15. Is h(-7) composite?
False
Suppose 0 = -0*p - 5*p - 5, 3*a - 5*p = 17. Let x be (-12)/(-3) - (-2 - -1). Suppose -3399 = -4*y + x*n, 4060 - 654 = a*y + 2*n. Is y a composite number?
True
Let t = 23121 - 11780. Is t a prime number?
False
Suppose -3 = -v, -5*a + a = -2*v - 90. Let k(b) = 11 + 14 - 36*b - a*b + b. Is k(-6) a composite number?
False
Suppose 2*h - 9*b = -4*b + 41534, 4*b + 8 = 0. Suppose -4*s + 31185 = 3*x - 7*s, -2*x + h = 5*s. Is x prime?
True
Let b be (-20)/(-2) + (-3)/((-15)/25). Let j(p) = 34*p**2 + 23*p - 10. Is j(b) a composite number?
True
Suppose 61070 - 13655 = 3*g - 3*f, -15793 = -g + 3*f. Is g prime?
False
Let q = -34769 - -55450. Is q composite?
False
Suppose -26873360 = -625*z + 545*z. Is z a prime number?
True
Suppose -43999 = -h + 2*d, 235*d - 233*d + 175996 = 4*h. Is h a composite number?
True
Suppose z + 5*a - 6*a - 10 = 0, 5*z - 3*a - 40 = 0. Suppose -z*d - 3*t - 26850 = -104327, 0 = 3*t + 3. Suppose 7*j + j = d. Is j a composite number?
True
Let j(v) = 73*v**2 - 7*v - 119. Is j(22) a composite number?
False
Is (63/(-126))/(2/(-194848)) - (1 + 4) prime?
False
Let z(m) = -2*m + 17. Let q = 4 - -1. Let o be z(q). Suppose a + 4*x - 441 = 0, -o*a + 5*x + 1806 = -3*a. Is a a composite number?
False
Let y be 957 + (7 - 8 - -2). Let p = y - 429. Is p prime?
False
Suppose 4*d = i + 45708, -5*d + 3*i = 14879 - 72007. Let y = -4979 + d. Is y a prime number?
True
Let l = 54747 + -10358. Is l a composite number?
False
Let m(k) be the first derivative of -19*k**4/4 + k**3 - 13*k**2/2 - 32*k - 57. Is m(-5) composite?
True
Suppose 2*u - 55611 = -t - 12484, -5*t + 3*u + 215609 = 0. Is t a prime number?
False
Suppose -36*t + 28*t - 64 = 0. Is (-1859 - t)/(-1*(0 - -1)) prime?
False
Suppose s - 5 = -3*m, 0 = m + 4 + 1. Suppose 5*i - 5*q - s = 0, -4*q + 2 = -2*i + 18. Suppose i = 3*p - p - 586. Is p prime?
True
Suppose 10 = 13*i - 9*i + 2*k, 0 = -2*k - 10. Let x(t) = 33*t**3 + 7*t**2 - 9*t + 12. Is x(i) a prime number?
False
Suppose 2*r + 9 = l, 9 = -2*l - r - 4*r. Suppose -l*h + 5*x = -0*x - 10237, 5*x + 17055 = 5*h. Is h composite?
True
Let z = 17244 + -9945. Suppose o - z = -1792. Is o a composite number?
False
Let o = -6 + 59. Suppose -3*u + 1593 = -5*b - o, -4*b + 20 = 0. Is u a prime number?
True
Let x = 618940 + 285415. Is x composite?
True
Suppose 64*d + 2125 = 65*d. Let w be d/3 + 2 - (-8)/(-24). Let l = 1587 - w. Is l prime?
True
Let s(p) = 621*p**3 + 38*p**2 - p - 47. Is s(15) a composite number?
False
Suppose 2*v + 3*f - 4099 = 0, -5*v + 8225 = -v - 3*f. Is (6 - -1*v) + -1 prime?
False
Let p(w) = 113*w + 149. Let y be p(7). Let b be ((-15)/(-3) - 4)/1. Is y - (b + 8/4) composite?
False
Suppose 0 = -q - 4*q + 4*s + 6965, 5572 = 4*q + 4*s. Let c = q + -642. Is c prime?
True
Let s(m) = 3245*m**2 + 126*m - 9. Is s(-4) prime?
True
Let s(l) = 70*l**3 - 4*l**2 + l - 7. Let g be s(-4). Is g*((-114)/(-30) - 4) a composite number?
False
Suppose i + 2 = 6. Let y(n) = 8*n + i*n**2 - 7 + 14*n - 10*n + 2*n. Is y(6) prime?
False
Suppose 4*l - 152 = -4*s, -s + 3*l + 32 = l. Is ((-6)/8)/(s/(-643056)) a composite number?
False
Let g(m) = -m**3 + m**2 + 4*m - 4. Let x be g(2). Let r be ((-48)/(-64))/(x + (-2)/(-2088)). Let o = 2 + r. Is o a composite number?
True
Let p = -2972 + 7462. Suppose 3854 = 8*h - p. Is h composite?
True
Let u(n) = 11*n + 201. Let l be u(-17). Is 70542/l - 66/(-231) prime?
True
Let z(x) = 697*x + 33. Let l(h) = -1045*h - 49. Let k(s) = -5*l(s) - 8*z(s). Let v(m) = -2*m**3 - 71*m**2 + 111*m - 8. Let q be v(-37). Is k(q) a prime number?
True
Suppose 31*d - 139302 - 700519 = 0. Is d a prime number?
True
Let p(i) = -244*i - 3. Let f be p(-1). Let b = 540 - f. Is b a composite number?
True
Let o = 407437 - 170666. Is o prime?
True
Let s(r) = -9*r - 42. Let x be s(-5). Suppose -5*h = x*d - 2*d - 11023, 4*d - 44020 = -2*h. Is d composite?
False
Let n = 3577475 + -1911952. Is n composite?
False
Suppose -2*f = 6, 43527 = 4*z - f + 4*f. Let a = z + -5747. Is a composite?
True
Suppose 33 + 19 = 4*p. Let v(w) = -37*w + 18. Let q(k) = -57*k + 27. Let y(c) = -5*q(c) + 7*v(c). Is y(p) composite?
True
Suppose -5*l - y = -8005, 2*l - 2*y - 3*y = 3175. Let n = l + -561. Is n prime?
True
Let o(g) = -219*g**3 + 128*g**3 + 1 + 1277*g**3. Let b(x) = x**2 + 1. Let m be b(0). Is o(m) composite?
False
Let q(j) = -3*j - 21. Let d be q(-9). Suppose 0 = -a + d*a + 3*x - 39578, -3*x + 7918 = a. Is a a composite number?
True
Let f(m) = m**2 + m - 1. Let c be f(-3). Suppose -k - c = 0, 4*k = -5*n - 101 + 2386. Let a = n + -250. Is a composite?
False
Let p(x) = -x**3 - 12*x**2 + 44*x - 36. Let g be p(-24). Let t = g - 83. Is t composite?
False
Let l = 41380 + -14829. Suppose -595*f = -602*f + l. Is f a prime number?
True
Let c be (150405/(-20))/(6/16). Let i = 46855 + c. Suppose b + 17868 = 3*b + t, 0 = -3*b - t + i. Is b a composite number?
False
Let g(u) = 34*u**2 - 35*u - 3. Suppose 5*p = 2*v + 13, 6*v = 4*v - 5*p + 37. Let z be (-20)/(-60) + -23*(-2)/v. Is g(z) prime?
False
Suppose 0 = 15*x - 177875 - 104530. Is x a prime number?
False
Let v be (-27015)/(-2) - (-22)/704*16. Suppose -3*u + 5*o = -2*u, 0 = -3*u - 5*o. Suppose -9*d - v + 63611 = u. Is d a prime number?
False
Let n(k) = 2*k**2 + 5*k + 5. Let g be n(5). Suppose -78*h - 20074 = -g*h. Is h a composite number?
False
Let u(v) = 2*v**3 + 23*v**2 - 12*v + 5. Let r be 0 - (-27)/(-2) - 6/(-4). Let h be u(r). Suppose -m = -h*m + 676. Is m a composite number?
True
Let b = -198 + 242. Suppose b*w = 22*w + 95194. Is w a prime number?
True
Let w(p) = 165*p + 1. Let i(d) = -167*d + 1. Let a(v) = 5*i(v) + 4*w(v). Let o = -14 + 10. Is a(o) a composite number?
False
Suppose 4*o - 5*i = 1546338, o + 216*i - 386593 = 213*i. Is o a prime number?
True
Let p be 147/(-15) - (-2)/(-10). Let m(y) be the second derivative of -7*y**3/6 + 41*y**2/2 - 42*y - 2. Is m(p) a prime number?
False
Let r(d) = 7*d - 7*d + 1065*d**2 + 4*d - 9. Is r(2) a composite number?
False
Suppose 3*z - 3*o - 1863 = 0, 2*z = 7*o - 8*o + 1245. Suppose -2193 + z = -j. Is j composite?
False
Let p(i) = 2634*i - 15. Let l be p(4). Suppose 0 = 7*s - 16240 - l. Let c = -2238 + s. Is c composite?
True
Let p(s) = s**3 + 9*s**2 - 2*s - 19. Let h be p(-9). Let v = h + 4. Let j(z) = 11*z**3 + 4*z**2 - 3*z + 7. Is j(v) a composite number?
False
Is (60044455/(-194))/((-1)/2) - -12 prime?
True
Let q(b) = 3*b**3 + 65*b**2 - 27*b - 47. Is q(12) a prime number?
True
Let m(y) = 273*y - 20. Let o(w) = 0 - 2 - 2*w**2 + w**2 + 6*w + 45. Let g be o(10). Is m(g) prime?
False
Suppose 87000 = 5*y + m, -9*y + 5*y + 4*m = -69576. Is y a composite number?
True
Suppose -4*h + 2793 - 169 = 5*a, -5*h = 5*a - 3280. Let r = 101 - -352. Let k = h - r. Is k a composite number?
True
Let w(l) = -13*l + 91. Let v(d) = 3*d - 23. Let t(a) = 9*v(a) + 2*w(a). Let f be t(27). Suppose f*b = 675 + 1259. Is b a composite number?
False
Suppose -552 = -3*g - 3*g. Let r = 979 - g. Is r prime?
True
Suppose -16*v + 5*v = -32307. Let z = v - 1850. Is z a prime number?
True
Let c = 91886 + 39815. Is c composite?
False
Suppose -38*j - 18*j + 10584497 = 21*j. Is j a composite number?
True
Let f(v) = 214*v**2 + 7*v - 5. Let r be f(4). Let k = 1626 + -1173. Suppose 6*h - r = -k. Is h composite?
False
Is -200338*(-4)/8*-1*-3 prime?
False
Suppose -10*x + 7703 = 513. Let b = 2592 - x. Suppose -2*w = 3*z - z - 1272, b = 3*z - 4*w. Is z a composite number?
False
Let c be 2*400*(-175)/14. Let w = -6401 - c. Is w composite?
True
Suppose -2*u - 6 - 6 = 0. Let w(n) = 33*n**2 - 15*n**2 - 3*n**2 + 9*n - 7. Is w(u) composite?
False
Let g(r) = -71*r**3 - 6*r**2 - 26*r - 18. Suppose 0 = 4*u - 2*q + 36, -5*u - 56 + 5 = -4*q. Is g(u) a prime number?
True
Let n = -719 + 744. Suppose -3*m = -3*d + 2733, -1834 = -2*d - n*m + 30*m. Is d a prime numb